et l(d) = -i(d) - 6*o(d). What is l(8)?
18
Let h(o) = 4*o**2 - 2*o**2 - 2 - o + 3*o. Suppose 0 = -2*d - 10, -4*v - 7*d - 18 = -5*d. Give h(v).
2
Let l(f) = f**3 + 3*f**2 + f - 2. Suppose 0 = -3*h + 5*a + 12, 0 = -0*h + 2*h + 5*a - 8. Suppose -9 = p - 2*v + h*v, 9 = 2*p - 5*v. What is l(p)?
-5
Suppose 7*u - 1018 + 1046 = 0. Let p(i) = -2*i - 7. Determine p(u).
1
Let t be -1 - (-2)/(4/6). Let n(l) = -6*l**t - l - l**2 + l + l**3 + 6. Let d = 17 + -10. Give n(d).
6
Let w(k) = 2*k**2 - 16*k + 7. Let c(z) = -z**3 + 39*z**2 - 40*z + 83. Let i be c(38). Calculate w(i).
-7
Let k(f) = -2*f**2 - 6*f - 6. Suppose -5*p + 4*y = -p + 20, 4*p + 14 = y. Give k(p).
-6
Let j(o) = 22*o + 13. Let h be j(-1). Let f(x) = x**3 + 8*x**2 - 9*x - 4. Determine f(h).
-4
Let r(n) be the first derivative of 2*n**3/3 + 6*n**2 + 10*n - 32. Let q be r(-4). Let w(h) = -h - 2. Calculate w(q).
4
Let l(g) be the first derivative of -g**4/4 + g**2 - 3*g - 139. Give l(2).
-7
Let f(q) = q**2 + 5. Suppose 0 = 3*u + u - 100. Let h = u + -25. Give f(h).
5
Let a(h) = h - 42 - 8*h - 49 - 44 + 141. Give a(2).
-8
Let d(t) be the third derivative of -t**4/24 - t**3/2 + 10*t**2 - 11. Determine d(6).
-9
Let m(i) = 2*i**3 - 2*i**2 - 18. Let z be m(3). Let b(g) = -g**3 + 16*g**2 + 38*g - 33. What is b(z)?
3
Let q(w) = w**3 - 47*w**2 + 7*w - 350. Let i be q(47). Let b(l) = -l**3 - 23*l**2 - 41*l + 28. Determine b(i).
7
Let p(d) be the second derivative of d**5/120 + d**4/3 - 4*d**3/3 - 8*d. Let v(a) be the second derivative of p(a). Let q = -21 + 15. What is v(q)?
2
Let p(k) = -k**3 - 4*k**2 - 11. Let d = -98 + 93. Calculate p(d).
14
Let j be 2*28*(-63)/(-28). Let b(o) = -o**2 - 65*o - 59*o + j*o. Calculate b(1).
1
Suppose -3*h + 4*a + 4 = 0, -2 = 4*h - a + 3*a. Let m(x) be the first derivative of 2 + h*x**3 - x**3 + 1 + 0*x**3. Calculate m(-1).
-3
Let i = -718 - -714. Let w(h) = -7 + 2 - 2*h + h. Calculate w(i).
-1
Let x(k) = 1 - 4*k + 12*k - 3 - k**2. Suppose 357*m + 91 = 370*m. Determine x(m).
5
Let m(l) be the first derivative of -l**2/2 + 11. Let c(k) = -k**2 - 6*k + 4. Let u be c(-6). Suppose -4*b = -4*y + 4 + u, 3*b - 8 = y. Give m(y).
-7
Let w(q) = -q**2 - 5*q - 2. Suppose 0 = z - 3*h + 8, -5 = 5*z + 3*h - 1. Let l be (35/(-10))/1*2. Let a = l - z. What is w(a)?
-2
Let j(d) = -29*d. Let b(m) = -36*m. Let p(o) = 5*b(o) - 6*j(o). Determine p(-1).
6
Let d(f) = f**2 - 14*f. Let n(o) = -2*o. Let j(q) = -d(q) + 2*n(q). Calculate j(7).
21
Let g(y) = -y**3 - 4*y**2 - y + 1. Suppose 2*n - 19 = -3*u, 0 = -2*n + 3*u + 3 + 10. Let f be (-1 - n/4)*1. Determine g(f).
-5
Let b(h) = 3*h + 11. Suppose 0 = t - 2 - 3. Let m(p) = -4*p - 12. Let a(n) = t*b(n) + 4*m(n). Suppose 3*k - 2*v - 10 = -k, -3*k = 3*v - 30. What is a(k)?
2
Let t(d) be the first derivative of -3 + 5*d + 2*d**3 + 6*d**2 + d**3 + 4 + 2. Let k(a) = 5*a**2 + 6*a + 3. Let l(v) = -11*k(v) + 6*t(v). What is l(3)?
6
Let h(b) = -b**3 + 9*b**2 - 10*b - 1. Suppose -175 = -34*s + 9*s. Give h(s).
27
Suppose 74 = -29*s - 45*s. Let z(p) = 21*p + 2. What is z(s)?
-19
Let q(r) = r + 3. Suppose 4*c - 2*t - 2 = 0, 5*t + 2 = -2*c - 3. Suppose c = b - 4 + 4. Determine q(b).
3
Suppose 5*l + 6 = -2*k, -2*l - 38 = 4*k - 5*l. Let w(z) = z**3 + 8*z**2 + 3*z + 22. Let m be w(k). Let a(b) = -5*b - 4. Calculate a(m).
6
Let p(h) = h**2 - 2*h - 12. Let g be p(5). Let x(o) = -o - 3 + 7*o - 3*o + 3*o**2 - 8*o**2 + o**3. Determine x(g).
-12
Let y be 5*((-64)/(-10))/(-4). Let z be (8/y)/((-1)/4). Suppose 26 = -2*s + z*g, 5*s - 4*g + 13 = -7*g. Let f(n) = n**2 + 2*n - 5. Determine f(s).
10
Suppose -13*r = -123 - 7. Let z(l) = -286 - l**2 + 283 + r*l - 5*l. Give z(5).
-3
Let l be (13/2)/(2/(-4)). Let p = l + 16. Let b(a) = -p + 0 - 2 + a + 2. Give b(8).
5
Let i(p) = p**2 - 6*p + 5. Suppose -48 = -4*q + g, 3*g = -2*q + 6*g + 34. Let w(r) = -r + r**2 - 11 + 4*r**2 + q. Let v be w(-1). Give i(v).
5
Let w(k) = -4*k + 10. Let o be 17 - 17 - (-5 + 1). What is w(o)?
-6
Let k be (12/(-42))/((-2)/28). Let o(p) be the third derivative of 0 - 1/12*p**k + 0*p + p**2 - 5/6*p**3. Give o(-4).
3
Let n = 27 - 17. Let k(i) = i - 14. Calculate k(n).
-4
Let z(l) = l**2 - 14*l + 10. Suppose 0 = g + 2, 6*h - h - 5*g - 70 = 0. Give z(h).
-14
Let v be (-8)/((2/(-3))/(-1)). Let r = -19 - v. Let f(h) be the first derivative of -h**4/4 - 7*h**3/3 + 6*h + 4. What is f(r)?
6
Let y(n) = -n**3 + 2*n**2 + 5*n - 5. Let a = -205 - -208. Determine y(a).
1
Let w(r) = r**3 + r**2 - 4*r - 3. Let v be w(-2). Let k be (-3 - 34/(-10))*-5*v. Let j(b) = 6 + 2*b - 4 - 1. What is j(k)?
-3
Let i = 35 - 26. Let r(f) = f**2 + 0 + 0*f**2 - 4 + i + 5*f. Let o(b) = b**2 - 8*b + 2. Let p be o(7). Determine r(p).
5
Let w(u) = 4*u - 7. Let d(m) = -10*m + 15. Let o(c) = 3*d(c) + 8*w(c). Determine o(0).
-11
Let l(p) = 16*p + 1. Let g(b) = b**2 - 11*b + 25. Let y be g(10). Suppose 5*x - 2*o = -y, -4*o - o + 30 = -5*x. Let c be ((-3 - -4) + -2)/x. Determine l(c).
17
Let n be -1 - (1 - 1) - -8. Suppose 0 = k - 21 + 19. Let y(j) = n*j - 8*j - j**k - 3*j. Determine y(-3).
3
Let o(i) = 3*i - 4 + 1 + i**2 + 0. Let y = -475 - -477. Determine o(y).
7
Let d be -4 - 2/(0 + 2). Let s(x) = x - 3. Let k(b) = -5*b + 22. Let o(l) = k(l) + 6*s(l). What is o(d)?
-1
Let i(d) = -7*d**3 + 18*d**2 - 17. Let n(m) = -11*m**3 + 27*m**2 - 26. Let g(f) = 8*i(f) - 5*n(f). Give g(9).
-6
Let d(i) be the second derivative of -i**3/2 - i**2/2 - i + 69. What is d(-2)?
5
Suppose 5*f = 2*g + 5, f + 5*g + 7 = 7*g. Let q(c) be the third derivative of 1/20*c**5 + 0 + 1/24*c**4 + 6*c**2 + 0*c + 1/3*c**f + 1/120*c**6. Determine q(-3).
-1
Let b(g) = -g**2 + 4*g. Let w be (6/(-14))/(27/(-189)). Calculate b(w).
3
Let d(x) be the second derivative of -x**5/20 - x**4/2 - x**3/6 + 2*x**2 - 15*x. Suppose 0 = -3*b + 6*f - f - 40, 0 = -3*b - 3*f. Give d(b).
-16
Let j(w) be the first derivative of -w**2 - 8*w - 27. What is j(-3)?
-2
Let m = -320 - -320. Let c(w) = w + 1. Give c(m).
1
Suppose 90*j = 76*j + 98. Suppose 0 = 3*g - 9, -w + 3*g = 8*g - 18. Let c(o) = -w + 2*o + 5 - j*o + 3*o. Determine c(3).
-4
Suppose -d = 2*g + 17, -5*d = -43 + 68. Let m(u) = 5*u + 22. What is m(g)?
-8
Let a(t) = -3*t**2 + 2*t - 2. Let f be 12/9*-6*(0 + -1). Suppose -14*r + 10*r = -f. Determine a(r).
-10
Let c(f) be the second derivative of -f**4/12 + 5*f**3 - 53*f**2/2 - 36*f + 1. Let w be c(28). Let o(b) = b**3 - 2*b**2 - 5*b + 2. Calculate o(w).
-4
Let y be 10/12*1/5. Let t(c) be the second derivative of -y*c**3 + 0 - 4*c**2 + 4*c. Give t(-7).
-1
Let y = 269 - 409. Let s = -140 - y. Let r(m) = -m - 5. Determine r(s).
-5
Let q(r) be the third derivative of r**9/60480 + r**8/5040 + r**6/180 - r**5/60 - 12*r**2. Let n(i) be the third derivative of q(i). Determine n(-4).
4
Suppose 0 = -4*g + 5*k - 31, -3 = -g - 2*k - 1. Let t(m) = m. Calculate t(g).
-4
Let f(y) = -y**3 - 7*y**2 - 5*y - 2. Let z = 8 - 14. Let v(a) = -a**2 - 6*a - 6. Let d be v(z). What is f(d)?
-8
Suppose -8*d = -3*d + 4*w + 52, d - 5*w = -22. Let h(v) = v + 16. Give h(d).
4
Let m(n) = 13*n**2 - 7*n + 3. Let o be (-12 - -10)*1*-1. Let c(b) = -2*b**o + 6 - 3 - 4 - b**2 + 2*b. Let s(v) = -9*c(v) - 2*m(v). What is s(5)?
8
Let j(r) = -r**2 - 5*r - 4. Let i = -3 - 128. Let n = -134 - i. Determine j(n).
2
Let u(k) = -11*k**2 - k + 3. Let n(q) = 6*q**2 - q - 1. Let a(y) = -5*n(y) - 3*u(y). What is a(-4)?
12
Let o(j) = j**2 + 2 + 7 + 5*j + 4*j - 4*j - 3*j. Give o(-2).
9
Let f(y) = 7*y - 98 + 54 + 48. Give f(-3).
-17
Suppose -4 = u - 6. Let v(r) = -95 + 49 + 49 + 2*r**2 + 0*r - u*r. What is v(2)?
7
Let g(c) = c - 2. Let o = 85 + -85. Suppose o = 10*f - 8*f - 4. What is g(f)?
0
Let r(v) = v**2 - 2. Let h(p) = -27*p - 646. Let b be h(-24). Determine r(b).
2
Let m(i) be the second derivative of 1/15*i**5 - 1/6*i**4 - 1/120*i**6 + 0 + 4*i + 0*i**3 + 3/2*i**2. Let k(y) be the first derivative of m(y). What is k(3)?
-3
Let q(j) = 36*j + 30*j + 4*j**3 - 66*j. Determine q(-1).
-4
Let n = -23 - -31. Let y(h) = -1 - 1 - h**3 + n*h**2 - 6*h**2 + 2*h**2 + 2*h. What is y(4)?
6
Let q(y) = 2*y - 3. Let u(f) = f**3 - 6*f**2 - 7*f + 4. Let l be u(7). Suppose 0 = l*g - 5 - 7. Give q(g).
3
Suppose 12*d - 7*d - 40 = 0. Let g = d - 0. Let i be (g - 16/4) + -4. Let h(l) = l**2 + l - 9. Calculate h(i).
-9
Let v(o) = -13*o**2 - o + 1. Let h = -41 + 50. Suppos